41*g + 34. Let k(h) = 5*i(h) + 7*j(h). Give k(-18).
38
Let j(c) = 4*c**2 + 9*c - 13. Let z(l) = -3*l**2 - 11*l + 13. Let p = 231 - 234. Let v(m) = p*z(m) - 2*j(m). Give v(-16).
3
Let q(c) = -478*c - 2391. Let w be q(-5). Let x(a) = 0 + 40*a**2 + 0 - 1. Give x(w).
39
Let r(x) be the first derivative of x**3/3 + 21*x**2/2 - 9*x - 1455. Give r(-22).
13
Let v(w) = w**3 + 4*w**2 + 8*w + 7. Let g = -2731 - -2726. Determine v(g).
-58
Let a(n) = 13*n + 115 + 10*n - 5*n - 4*n. Give a(-9).
-11
Let l(i) = -i**2 + 99*i - 1735. Let v be l(76). Let y(t) = t + 16. Calculate y(v).
29
Suppose -16 = -4*z + q, 22 = -z + 3*z - 4*q. Let j(a) = 9*a - 1 - a - 4*a - 7*a - a**3 + 3*a**2. Calculate j(z).
-10
Let b(m) = 4*m**2 + 60*m - 14. Let r(o) = -o**2 - 11*o + 3. Let w(p) = -2*b(p) - 11*r(p). What is w(-4)?
39
Let c(p) be the second derivative of -p**2/2 + 5*p. Let k(m) = -19 - 10*m - 26 + 41. Let i(r) = 3*c(r) - k(r). Determine i(1).
11
Let i(n) = -n - 6. Suppose -6 + 9 = -w, 0 = 3*d - 3*w - 975. Suppose -4*r = -2*t - d, t - 64 = -r + 15. Let f = 75 - r. Calculate i(f).
-1
Let n(g) = 11*g + 6 + 1 - 17*g + g**2. Let y(d) = 154*d**2 + 3*d + 3. Let o be y(-1). Let s = 159 - o. Determine n(s).
2
Let i(n) = 2*n**3 - 14*n**2. Let f be i(7). Let d(x) = -x**2 - 5*x + 15. Let z be d(f). Suppose -2*w = w + z. Let a(h) = -h**3 - 6*h**2 - 7*h - 7. What is a(w)?
3
Let y(n) = -n**2 + 3*n + 7. Let d = 230 + -229. Let w(b) = 3*b + 1. Let p(u) = d*w(u) + y(u). Calculate p(7).
1
Let x(q) = -q**2 + 13*q - 50. Let d be (-273)/28 + 10 - (-62)/8. Determine x(d).
-10
Suppose 0*w - o + 1 = -2*w, 2*w - 2*o + 4 = 0. Suppose -v + u - w = 0, 3*v - 4*u + 10 = 2. Let c(m) = m**3 - 3*m**2 - 8*m + 9. Calculate c(v).
-7
Let f(m) = -10*m + 2. Let t = -7688 - -7689. Calculate f(t).
-8
Suppose -106*h + 323 = 959. Let g(s) = -2*s**3 - 11*s**2 + 6*s - 3. Give g(h).
-3
Suppose -17*o - 4*o = -42. Let d be (-4)/(-2)*(o - 22/4). Let p(h) be the third derivative of -h**5/60 - 7*h**4/24 + h**3/2 - 4*h**2. What is p(d)?
3
Let s(h) = -4*h + 46. Suppose 46*r - 3*o = 45*r - 5, 33 = 3*r + 3*o. What is s(r)?
18
Let a(t) = -t - 2. Let j(n) = -n**3 - 8*n**2 + 25*n + 44. Let x be j(-10). Calculate a(x).
4
Let h(o) = 2*o + 2. Let t(f) = 4*f + 13. Let v be 78/9 + 8/6. Let i be t(v). Suppose -i*m = -49*m + 12. Determine h(m).
-4
Let v(f) = -f + 5. Let j(u) = -9*u + 9. Let m = 26 + -24. Let x be j(m). What is v(x)?
14
Let v(z) = 2*z**2 - 11*z + 20. Let l be v(6). Let q = 33 - l. Let x(g) = -7*g + 18. Let p(j) = 15*j - 37. Let i(h) = 6*p(h) + 13*x(h). Calculate i(q).
5
Let t = 218 - 164. Let o(m) = -53*m - m**2 + 101*m - t*m - 1. Give o(-5).
4
Let m = -231 + 228. Let t(p) be the first derivative of p**5/60 + 11*p**2/2 + 8. Let l(d) be the second derivative of t(d). Determine l(m).
9
Let b(j) be the first derivative of j**4/4 + 13*j**3/3 + 11*j**2 + 6*j - 905. Give b(-11).
6
Let j(w) = -13*w - 28. Let b(g) = 26*g + 62. Let y(p) = 3*b(p) + 7*j(p). What is y(-3)?
29
Let d(j) = j**3 + 3*j**2 + 2*j + 1. Let f be ((-406)/21)/(2/(-9)). Suppose 4*v = 12, g - 3*g + f = -v. Let w = -46 + g. Give d(w).
1
Let i(j) = -6*j**3 + j**2 - j + 1. Let l be i(1). Let f = -114 + 117. Let d(w) = 20 + 5*w**2 + 3*w - 22 - 2*w**f + 6*w**3 - 3*w**3. What is d(l)?
-17
Suppose -3*n + 7*n = 216. Let u = -42 + n. Let j be 1 - (u/2 - 3). Let l(f) = 3*f + 2. Calculate l(j).
-4
Let g(v) = -13 - 5*v - 8*v - 6*v + 0*v. Let u(i) = -12*i - 9. Let s(q) = 5*g(q) - 8*u(q). Calculate s(6).
13
Let z(u) = u**2 - u. Suppose 4*y = 2*f + 212, 4*f + f - 280 = -5*y. Suppose 0*v + y = 6*v. Let s be v*(25/15)/(-5). Calculate z(s).
12
Suppose f + o - 3*o = -6, 2 = -2*f + 2*o. Let y be f*2/(-4)*3. Let u(b) be the first derivative of -2*b**3/3 - 5*b**2 - 8*b - 5938. Calculate u(y).
-20
Let z be (-48)/27 - (-4)/(-18). Let d(s) = 1735*s + 12. Let p(a) = -723*a - 5. Let k(q) = -5*d(q) - 12*p(q). Determine k(z).
-2
Let l(a) = -2*a**2 - 16*a - 20. Let c(w) = w + 2. Let s(v) = 6*c(v) + l(v). Let p = 39 - 34. Suppose -p*b + 1 = 31. Determine s(b).
-20
Let v(x) = -3*x - 3*x**2 - 442 + 860 - 2*x**2 + 6*x**2 - 444. What is v(6)?
-8
Let l(x) = 5*x + 1. Let w(k) = -31*k + 2 + 3 + 35*k + 15*k - 4. Let g(z) = 2*l(z) - w(z). Give g(1).
-8
Let n(m) = m**3 - 13*m**2 + 45*m - 12. Suppose 37*x - 1212 = -165*x. Calculate n(x).
6
Let s(r) be the third derivative of 9*r**6/40 - r**5/60 + 30*r**2. Suppose -4*u - 3*p + 19 = 0, -2*u + 2 = 2*p - 10. Calculate s(u).
26
Suppose -g + 4*g = 9. Let h = -414 - -418. Suppose 2*o + 2*o = -g*f + 18, 2*o + 2 = h*f. Let i(z) = -4*z + 4. Determine i(o).
-8
Let o(f) be the third derivative of 0 + 2*f**2 - 1/8*f**4 + 3*f**3 - 27*f. Calculate o(6).
0
Let p(q) be the third derivative of -q**5/60 - q**4/24 + 5*q**3/3 - 18*q**2 - 46*q - 1. Let n = -34 + 30. Give p(n).
-2
Suppose -3*u - 136 = -3*x - 142, 0 = 2*x + u + 10. Let l(h) = h**2 + 5*h + 11. Determine l(x).
7
Suppose 95*i - 171*i = 167*i + 1458. Let y(c) = -c**3 - 6*c**2 + 3*c + 20. Calculate y(i).
2
Let m(y) = y**3 - 3*y**2 - 2. Suppose 142*a = 140*a + 2. Let d be ((-8)/(-56))/(a/21). Give m(d).
-2
Let p be (-7)/2*220/(-385). Let a(c) = 4*c - c**p + 2*c**2 - 25 + 14 + 7. What is a(-4)?
-4
Suppose 0 = -5*a - 44*w + 42*w + 35, 3*w = 0. Let u(c) = 2*c**2 - 11*c - a - 3*c**2 + 13*c - 5*c. Calculate u(-3).
-7
Let r be 3 - (3 - 1*(7 - 2)). Let p(d) = 3 + 2*d + 3*d - d**3 + r*d**2 + 4*d - 8. Let q(n) = n + 6. Let k be q(0). Calculate p(k).
13
Let v(r) = 2*r + 43. Let k be v(-15). Suppose 0*o + 4*q + 28 = -4*o, 0 = -4*o + q - k. Let x(g) = g**2 + 7*g + 6. Determine x(o).
-6
Let d(p) = -p + 21. Let q be d(9). Suppose v - q = 4*v, -3*t + 3*v = -24. Let n(g) = g + 4. Give n(t).
8
Let o(j) = 4*j**2 + 9*j + 7. Let s = 18332 + -18334. Calculate o(s).
5
Let n(l) = 97*l + 2223. Let t be n(-23). Let b(r) be the third derivative of -r**5/30 - 5*r**4/8 + r**3/3 + 2*r**2. Determine b(t).
-6
Let r(p) = 53 - 105 - 3*p - 3*p**2 - p**2 + 41 - p**2. Let q(k) = -k**2 - 2*k - 1. Let w(y) = -4*q(y) + r(y). Give w(6).
-13
Let d = 13 + -6. Let g(j) be the first derivative of j**5/60 - 7*j**4/24 - j**3/3 + j**2/2 + 26*j + 8. Let n(w) be the second derivative of g(w). What is n(d)?
-2
Let n(d) = -3*d - 16. Let g(m) = 5*m + 55. Let w be g(-10). Let t be (-96)/80 - ((-14)/w)/(-1). Determine n(t).
-4
Let a(v) be the first derivative of 13/2*v**2 + 11 + 8*v + 13/3*v**3 - 1/4*v**4. Let g be a(14). Let h(d) = -d**3 - 5*d**2 + 5*d - 3. What is h(g)?
3
Let l be 0/(-10 + 6 - 5/5). Let j(n) = n**3 + 2*n**2 - 3*n + 6. What is j(l)?
6
Suppose 195*w + 22*w = -4991. Let s(t) = t**2 + 28*t + 96. Calculate s(w).
-19
Let k be (14/6)/((-1)/(-3)). Let c(v) = -11*v**2 - 6*v - 8. Let y(w) = -30*w**2 - 18*w - 23. Let d = 1078 + -1089. Let o(j) = d*c(j) + 4*y(j). Give o(k).
3
Let h(w) = 19*w - 3. Let f(c) = 9*c - 2. Let k(d) = 5*f(d) - 3*h(d). Let s(p) = -2*p**2 - 29*p - 9. Let n be s(-13). Suppose 0 = -32*q + 2*q + n. What is k(q)?
-13
Suppose 18*y = 9*y + 252. Let k(r) = r**2 + 5 + 5*r - y + 9 + 7. Give k(-6).
-1
Let h be (2 + 168/(-9))/(3/9). Let v = h - -52. Let r(z) = 1 + 3*z**3 - v*z**3 + z**2 - z + 0. Calculate r(0).
1
Suppose 71*l - 59 = -343. Let t(u) = u**2 + 4*u + 3. Give t(l).
3
Let u = 15345 + -30689/2. Let w(t) be the first derivative of 24 - u*t**2 + 0*t. Calculate w(2).
-2
Let k be (-2 - -2)/1 + 2. Suppose 2*q + 2*q = 3*r + 16, 2*r = -k*q + 22. Let h(j) = -5 + 10*j**2 + q - 3 - 26*j**2 + j. Give h(1).
-16
Let w(t) = t**3 + 21 - 6 - 7 - 2*t**2 - 9 - t. Let y(i) = -i**3 + 11*i**2 - i + 14. Let x be y(11). Suppose -2*m = 4*c - 6 - 4, 5*m + x*c = 18. Give w(m).
5
Let x(o) = -6*o - 61. Let f be x(-10). Let n = f + 2. Let t(a) = 13*a**2 + 8*a - 7. Let v(q) = q**2 + q - 1. Let b(j) = t(j) - 6*v(j). Give b(n).
8
Let n(z) = 3*z**2 - 15*z + 7. Let o(y) = y**2 - 7*y + 4. Let w = 7 - 12. Let r(m) = w*o(m) + 2*n(m). Suppose 117 - 170 = -100*i - 553. What is r(i)?
-6
Let i(w) = 2*w**2 + 14*w + 23. Let f = -456 + 453. What is i(f)?
-1
Suppose 0 = -2*k - 3*x - 0*x + 25, -x = -5. Suppose -5*d = -3*g + 1, -5*g = -8*g - k*d + 11. Let o(j) = j**3 + 2*j**2 + 2*j - 3. What is o(g)?
17
Let n(v) = 15*v + 5*v**2 - 2*v + 17 - 4*v**2 + 4*v. Let r be 3 - -4 - (117 - 2)/5. Calculate n(r).
1
Let x(u) = -2 + 519*u - 5 + 5 + 526*u - 1046*u. Suppose 0 = -5*y + 10. Give x(y).